{"id":905,"date":"2021-11-04T10:21:32","date_gmt":"2021-11-04T10:21:32","guid":{"rendered":"https:\/\/navitec.cfolks.pl\/?page_id=905"},"modified":"2025-05-28T12:05:39","modified_gmt":"2025-05-28T12:05:39","slug":"news","status":"publish","type":"page","link":"http:\/\/navitec.pl\/index.php\/en\/news\/","title":{"rendered":"News"},"content":{"rendered":"\t\t<div data-elementor-type=\"wp-page\" data-elementor-id=\"905\" class=\"elementor elementor-905\">\n\t\t\t\t\t\t<section class=\"elementor-section elementor-top-section elementor-element elementor-element-676f307 elementor-section-boxed elementor-section-height-default elementor-section-height-default\" data-id=\"676f307\" data-element_type=\"section\" data-settings=\"{&quot;background_background&quot;:&quot;classic&quot;}\">\n\t\t\t\t\t\t\t<div class=\"elementor-background-overlay\"><\/div>\n\t\t\t\t\t\t\t<div class=\"elementor-container elementor-column-gap-no\">\n\t\t\t\t\t<div class=\"elementor-column elementor-col-100 elementor-top-column elementor-element elementor-element-cfd909f\" data-id=\"cfd909f\" data-element_type=\"column\">\n\t\t\t<div class=\"elementor-widget-wrap elementor-element-populated\">\n\t\t\t\t\t\t<div class=\"elementor-element elementor-element-fd6730a elementor-widget elementor-widget-heading\" data-id=\"fd6730a\" data-element_type=\"widget\" data-widget_type=\"heading.default\">\n\t\t\t\t<div class=\"elementor-widget-container\">\n\t\t\t<style>\/*! elementor - v3.23.0 - 05-08-2024 *\/\n.elementor-heading-title{padding:0;margin:0;line-height:1}.elementor-widget-heading .elementor-heading-title[class*=elementor-size-]>a{color:inherit;font-size:inherit;line-height:inherit}.elementor-widget-heading .elementor-heading-title.elementor-size-small{font-size:15px}.elementor-widget-heading .elementor-heading-title.elementor-size-medium{font-size:19px}.elementor-widget-heading .elementor-heading-title.elementor-size-large{font-size:29px}.elementor-widget-heading .elementor-heading-title.elementor-size-xl{font-size:39px}.elementor-widget-heading .elementor-heading-title.elementor-size-xxl{font-size:59px}<\/style><h1 class=\"elementor-heading-title elementor-size-default\">Offer<\/h1>\t\t<\/div>\n\t\t\t\t<\/div>\n\t\t\t\t\t<\/div>\n\t\t<\/div>\n\t\t\t\t\t<\/div>\n\t\t<\/section>\n\t\t\t\t<section class=\"elementor-section elementor-top-section elementor-element elementor-element-0613b57 elementor-section-boxed elementor-section-height-default elementor-section-height-default\" data-id=\"0613b57\" data-element_type=\"section\">\n\t\t\t\t\t\t<div class=\"elementor-container elementor-column-gap-default\">\n\t\t\t\t\t<div class=\"elementor-column elementor-col-100 elementor-top-column elementor-element elementor-element-51b4469\" data-id=\"51b4469\" data-element_type=\"column\">\n\t\t\t<div class=\"elementor-widget-wrap elementor-element-populated\">\n\t\t\t\t\t\t<div class=\"elementor-element elementor-element-30ea0a5 elementor-widget elementor-widget-image\" data-id=\"30ea0a5\" data-element_type=\"widget\" data-widget_type=\"image.default\">\n\t\t\t\t<div class=\"elementor-widget-container\">\n\t\t\t<style>\/*! elementor - v3.23.0 - 05-08-2024 *\/\n.elementor-widget-image{text-align:center}.elementor-widget-image a{display:inline-block}.elementor-widget-image a img[src$=\".svg\"]{width:48px}.elementor-widget-image img{vertical-align:middle;display:inline-block}<\/style>\t\t\t\t\t\t\t\t\t\t<img fetchpriority=\"high\" decoding=\"async\" width=\"1475\" height=\"209\" src=\"http:\/\/navitec.pl\/wp-content\/uploads\/2025\/05\/WhatsApp-Image-2025-04-06-at-19.39.22-1.jpeg\" class=\"attachment-1536x1536 size-1536x1536 wp-image-1044\" alt=\"\" srcset=\"http:\/\/navitec.pl\/wp-content\/uploads\/2025\/05\/WhatsApp-Image-2025-04-06-at-19.39.22-1.jpeg 1475w, http:\/\/navitec.pl\/wp-content\/uploads\/2025\/05\/WhatsApp-Image-2025-04-06-at-19.39.22-1-300x43.jpeg 300w, http:\/\/navitec.pl\/wp-content\/uploads\/2025\/05\/WhatsApp-Image-2025-04-06-at-19.39.22-1-1024x145.jpeg 1024w, http:\/\/navitec.pl\/wp-content\/uploads\/2025\/05\/WhatsApp-Image-2025-04-06-at-19.39.22-1-768x109.jpeg 768w\" sizes=\"(max-width: 1475px) 100vw, 1475px\" \/>\t\t\t\t\t\t\t\t\t\t\t\t\t<\/div>\n\t\t\t\t<\/div>\n\t\t\t\t\t<\/div>\n\t\t<\/div>\n\t\t\t\t\t<\/div>\n\t\t<\/section>\n\t\t\t\t<section class=\"elementor-section elementor-top-section elementor-element elementor-element-13fd8d8 elementor-section-boxed elementor-section-height-default elementor-section-height-default\" data-id=\"13fd8d8\" data-element_type=\"section\">\n\t\t\t\t\t\t<div class=\"elementor-container elementor-column-gap-default\">\n\t\t\t\t\t<div class=\"elementor-column elementor-col-100 elementor-top-column elementor-element elementor-element-2a8e893\" data-id=\"2a8e893\" data-element_type=\"column\">\n\t\t\t<div class=\"elementor-widget-wrap elementor-element-populated\">\n\t\t\t\t\t\t<div class=\"elementor-element elementor-element-4e9a21d elementor-widget-divider--view-line elementor-widget elementor-widget-divider\" data-id=\"4e9a21d\" data-element_type=\"widget\" data-widget_type=\"divider.default\">\n\t\t\t\t<div class=\"elementor-widget-container\">\n\t\t\t<style>\/*! elementor - v3.23.0 - 05-08-2024 *\/\n.elementor-widget-divider{--divider-border-style:none;--divider-border-width:1px;--divider-color:#0c0d0e;--divider-icon-size:20px;--divider-element-spacing:10px;--divider-pattern-height:24px;--divider-pattern-size:20px;--divider-pattern-url:none;--divider-pattern-repeat:repeat-x}.elementor-widget-divider .elementor-divider{display:flex}.elementor-widget-divider .elementor-divider__text{font-size:15px;line-height:1;max-width:95%}.elementor-widget-divider .elementor-divider__element{margin:0 var(--divider-element-spacing);flex-shrink:0}.elementor-widget-divider .elementor-icon{font-size:var(--divider-icon-size)}.elementor-widget-divider .elementor-divider-separator{display:flex;margin:0;direction:ltr}.elementor-widget-divider--view-line_icon .elementor-divider-separator,.elementor-widget-divider--view-line_text .elementor-divider-separator{align-items:center}.elementor-widget-divider--view-line_icon .elementor-divider-separator:after,.elementor-widget-divider--view-line_icon .elementor-divider-separator:before,.elementor-widget-divider--view-line_text .elementor-divider-separator:after,.elementor-widget-divider--view-line_text .elementor-divider-separator:before{display:block;content:\"\";border-block-end:0;flex-grow:1;border-block-start:var(--divider-border-width) var(--divider-border-style) var(--divider-color)}.elementor-widget-divider--element-align-left .elementor-divider .elementor-divider-separator>.elementor-divider__svg:first-of-type{flex-grow:0;flex-shrink:100}.elementor-widget-divider--element-align-left .elementor-divider-separator:before{content:none}.elementor-widget-divider--element-align-left .elementor-divider__element{margin-left:0}.elementor-widget-divider--element-align-right .elementor-divider .elementor-divider-separator>.elementor-divider__svg:last-of-type{flex-grow:0;flex-shrink:100}.elementor-widget-divider--element-align-right .elementor-divider-separator:after{content:none}.elementor-widget-divider--element-align-right .elementor-divider__element{margin-right:0}.elementor-widget-divider--element-align-start .elementor-divider .elementor-divider-separator>.elementor-divider__svg:first-of-type{flex-grow:0;flex-shrink:100}.elementor-widget-divider--element-align-start .elementor-divider-separator:before{content:none}.elementor-widget-divider--element-align-start .elementor-divider__element{margin-inline-start:0}.elementor-widget-divider--element-align-end .elementor-divider .elementor-divider-separator>.elementor-divider__svg:last-of-type{flex-grow:0;flex-shrink:100}.elementor-widget-divider--element-align-end .elementor-divider-separator:after{content:none}.elementor-widget-divider--element-align-end .elementor-divider__element{margin-inline-end:0}.elementor-widget-divider:not(.elementor-widget-divider--view-line_text):not(.elementor-widget-divider--view-line_icon) .elementor-divider-separator{border-block-start:var(--divider-border-width) var(--divider-border-style) var(--divider-color)}.elementor-widget-divider--separator-type-pattern{--divider-border-style:none}.elementor-widget-divider--separator-type-pattern.elementor-widget-divider--view-line .elementor-divider-separator,.elementor-widget-divider--separator-type-pattern:not(.elementor-widget-divider--view-line) .elementor-divider-separator:after,.elementor-widget-divider--separator-type-pattern:not(.elementor-widget-divider--view-line) .elementor-divider-separator:before,.elementor-widget-divider--separator-type-pattern:not([class*=elementor-widget-divider--view]) .elementor-divider-separator{width:100%;min-height:var(--divider-pattern-height);-webkit-mask-size:var(--divider-pattern-size) 100%;mask-size:var(--divider-pattern-size) 100%;-webkit-mask-repeat:var(--divider-pattern-repeat);mask-repeat:var(--divider-pattern-repeat);background-color:var(--divider-color);-webkit-mask-image:var(--divider-pattern-url);mask-image:var(--divider-pattern-url)}.elementor-widget-divider--no-spacing{--divider-pattern-size:auto}.elementor-widget-divider--bg-round{--divider-pattern-repeat:round}.rtl .elementor-widget-divider .elementor-divider__text{direction:rtl}.e-con-inner>.elementor-widget-divider,.e-con>.elementor-widget-divider{width:var(--container-widget-width,100%);--flex-grow:var(--container-widget-flex-grow)}<\/style>\t\t<div class=\"elementor-divider\">\n\t\t\t<span class=\"elementor-divider-separator\">\n\t\t\t\t\t\t<\/span>\n\t\t<\/div>\n\t\t\t\t<\/div>\n\t\t\t\t<\/div>\n\t\t\t\t<div class=\"elementor-element elementor-element-d6b0649 elementor-widget elementor-widget-text-editor\" data-id=\"d6b0649\" data-element_type=\"widget\" data-widget_type=\"text-editor.default\">\n\t\t\t\t<div class=\"elementor-widget-container\">\n\t\t\t<style>\/*! elementor - v3.23.0 - 05-08-2024 *\/\n.elementor-widget-text-editor.elementor-drop-cap-view-stacked .elementor-drop-cap{background-color:#69727d;color:#fff}.elementor-widget-text-editor.elementor-drop-cap-view-framed .elementor-drop-cap{color:#69727d;border:3px solid;background-color:transparent}.elementor-widget-text-editor:not(.elementor-drop-cap-view-default) .elementor-drop-cap{margin-top:8px}.elementor-widget-text-editor:not(.elementor-drop-cap-view-default) .elementor-drop-cap-letter{width:1em;height:1em}.elementor-widget-text-editor .elementor-drop-cap{float:left;text-align:center;line-height:1;font-size:50px}.elementor-widget-text-editor .elementor-drop-cap-letter{display:inline-block}<\/style>\t\t\t\t<h2 class=\"s3\"><span class=\"s2\">Navitec \u2013 Your Trusted Aviation Partner Since 2006<\/span><\/h2><p>For nearly two decades, Navitec Sp. z o.o. has been setting the standard in the aviation industry, delivering advanced solutions for both military and civilian sectors. Our passion for aviation, combined with extensive experience and an unwavering commitment to excellence, enables us to provide top-tier services.<br \/><br \/>We collaborate with key government institutions, including the Air Force, Navy, and Police, as well as international maintenance and overhaul facilities. As pioneers in implementing cutting-edge technologies, we work closely with industry leaders from the United Kingdom, Germany, the Czech Republic, and Israel. This global cooperation ensures that our clients have access to the most advanced aviation solutions available.<\/p><h2 class=\"s5\"><span class=\"s4\">Our Services<\/span><\/h2><p>\u2022 Comprehensive Supply of Equipment and Spare Parts<br \/>\u2022 Aircraft Modernization and Overhaul<br \/>\u2022 Advanced Aviation Training<br \/>\u2022 Consulting and Innovative Aviation Solutions<\/p><h2 class=\"s5\"><span class=\"s4\">Why Choose Us?<\/span><\/h2><p>\u2714 Nearly 20 years of experience in the aviation industry<br \/>\u2714 Cutting-edge technologies and innovative solutions<br \/>\u2714 World-class partners and certified services<br \/>\u2714 International collaboration with industry leaders from the UK, Germany, the Czech Republic, and Israel<br \/>\u2714 Flexible and client-focused approach to every project<\/p><p>We invite you to collaborate with us\u2014together, we will take aviation to new heights!<\/p>\t\t\t\t\t\t<\/div>\n\t\t\t\t<\/div>\n\t\t\t\t\t<\/div>\n\t\t<\/div>\n\t\t\t\t\t<\/div>\n\t\t<\/section>\n\t\t\t\t<section class=\"elementor-section elementor-top-section elementor-element elementor-element-ac1f8a0 elementor-section-boxed elementor-section-height-default elementor-section-height-default\" data-id=\"ac1f8a0\" data-element_type=\"section\">\n\t\t\t\t\t\t<div class=\"elementor-container elementor-column-gap-default\">\n\t\t\t\t\t<div class=\"elementor-column elementor-col-100 elementor-top-column elementor-element elementor-element-649195b\" data-id=\"649195b\" data-element_type=\"column\">\n\t\t\t<div class=\"elementor-widget-wrap elementor-element-populated\">\n\t\t\t\t\t\t<div class=\"elementor-element elementor-element-105c9ea elementor-widget elementor-widget-image\" data-id=\"105c9ea\" data-element_type=\"widget\" data-widget_type=\"image.default\">\n\t\t\t\t<div class=\"elementor-widget-container\">\n\t\t\t\t\t\t\t\t\t\t\t\t\t<img decoding=\"async\" width=\"1474\" height=\"225\" src=\"http:\/\/navitec.pl\/wp-content\/uploads\/2025\/05\/WhatsApp-Image-2025-04-06-at-19.39.33-1.jpeg\" class=\"attachment-2048x2048 size-2048x2048 wp-image-1045\" alt=\"\" srcset=\"http:\/\/navitec.pl\/wp-content\/uploads\/2025\/05\/WhatsApp-Image-2025-04-06-at-19.39.33-1.jpeg 1474w, http:\/\/navitec.pl\/wp-content\/uploads\/2025\/05\/WhatsApp-Image-2025-04-06-at-19.39.33-1-300x46.jpeg 300w, http:\/\/navitec.pl\/wp-content\/uploads\/2025\/05\/WhatsApp-Image-2025-04-06-at-19.39.33-1-1024x156.jpeg 1024w, http:\/\/navitec.pl\/wp-content\/uploads\/2025\/05\/WhatsApp-Image-2025-04-06-at-19.39.33-1-768x117.jpeg 768w\" sizes=\"(max-width: 1474px) 100vw, 1474px\" \/>\t\t\t\t\t\t\t\t\t\t\t\t\t<\/div>\n\t\t\t\t<\/div>\n\t\t\t\t\t<\/div>\n\t\t<\/div>\n\t\t\t\t\t<\/div>\n\t\t<\/section>\n\t\t\t\t<section class=\"elementor-section elementor-top-section elementor-element elementor-element-f471d9f elementor-section-boxed elementor-section-height-default elementor-section-height-default\" data-id=\"f471d9f\" data-element_type=\"section\">\n\t\t\t\t\t\t<div class=\"elementor-container elementor-column-gap-default\">\n\t\t\t\t\t<div class=\"elementor-column elementor-col-100 elementor-top-column elementor-element elementor-element-70a4448\" data-id=\"70a4448\" data-element_type=\"column\">\n\t\t\t<div class=\"elementor-widget-wrap elementor-element-populated\">\n\t\t\t\t\t\t<div class=\"elementor-element elementor-element-87c10fe elementor-widget elementor-widget-text-editor\" data-id=\"87c10fe\" data-element_type=\"widget\" data-widget_type=\"text-editor.default\">\n\t\t\t\t<div class=\"elementor-widget-container\">\n\t\t\t\t\t\t\t<h2 class=\"s3\"><span class=\"s2\">Navitec Protection \u2013 Advanced Defence Solutions<\/span><\/h2><p>Navitec Protection is a new sub-brand of Navitec Sp. z o.o., dedicated to defence solutions beyond aviation. In response to the growing challenges of modern security, we provide cutting-edge technology and equipment to enhance the safety of armed forces, special units, and critical infrastructure.<\/p><h2 class=\"s5\"><span class=\"s4\">Our Offer<\/span><\/h2><p>\u2714 Personal Protection \u2013 ballistic vests, helmets, shields, and other solutions for military and law enforcement<br \/>\u2714 Counter-UAV Systems \u2013 detection, neutralization, and protection against aerial threats<br \/>\u2714 Secured Communication \u2013 encrypted communication systems for the military, special forces, and government agencies<br \/>\u2714 Night Vision &amp; Thermal Imaging (NVG) \u2013 advanced devices to enhance operational capabilities in extreme conditions<br \/>\u2714 Armored Vehicles \u2013 specialized vehicles providing protection in the most demanding scenarios<\/p><h2 class=\"s5\"><span class=\"s4\">Why Navitec Protection?<\/span><\/h2><p>Since 2006, we have been delivering defence and aviation solutions, working closely with industry leaders from the UK, Germany, the Czech Republic, and Israel. Our products meet the highest quality standards and are trusted by security forces worldwide.<\/p><p>Navitec Protection \u2013 a new dimension of security.<\/p>\t\t\t\t\t\t<\/div>\n\t\t\t\t<\/div>\n\t\t\t\t\t<\/div>\n\t\t<\/div>\n\t\t\t\t\t<\/div>\n\t\t<\/section>\n\t\t\t\t<section class=\"elementor-section elementor-top-section elementor-element elementor-element-5c07c9f elementor-section-boxed elementor-section-height-default elementor-section-height-default\" data-id=\"5c07c9f\" data-element_type=\"section\">\n\t\t\t\t\t\t<div class=\"elementor-container elementor-column-gap-default\">\n\t\t\t\t\t<div class=\"elementor-column elementor-col-100 elementor-top-column elementor-element elementor-element-310dec1\" data-id=\"310dec1\" data-element_type=\"column\">\n\t\t\t<div class=\"elementor-widget-wrap elementor-element-populated\">\n\t\t\t\t\t\t<div class=\"elementor-element elementor-element-a9fbd02 elementor-widget elementor-widget-text-editor\" data-id=\"a9fbd02\" data-element_type=\"widget\" data-widget_type=\"text-editor.default\">\n\t\t\t\t<div class=\"elementor-widget-container\">\n\t\t\t\t\t\t\t<h3>Zr\u00f3wnowa\u017cony rozw\u00f3j<\/h3>\n<p>Bezpiecze\u0144stwo w lotnictwie to dla nas priorytet. Nasze zobowi\u0105zanie to nie tylko s\u0142owa, to nasza g\u0142\u0119boko zakorzeniona misja. Nasza praca opiera si\u0119 na sta\u0142ym d\u0105\u017ceniu do doskona\u0142o\u015bci i utrzymywaniu najwy\u017cszych standard\u00f3w w dziedzinie bezpiecze\u0144stwa lotniczego.<br><\/p><p>Przy 25 latach nieprzerwanej doskona\u0142o\u015bci w lotnictwie, nasza firma jest nie tylko ekspertem w dziedzinie, ale tak\u017ce \u017ar\u00f3d\u0142em pasji, nowoczesnych technologii i innowacyjnych rozwi\u0105za\u0144!<br><\/p>\t\t\t\t\t\t<\/div>\n\t\t\t\t<\/div>\n\t\t\t\t\t<\/div>\n\t\t<\/div>\n\t\t\t\t\t<\/div>\n\t\t<\/section>\n\t\t\t\t<\/div>\n\t\t","protected":false},"excerpt":{"rendered":"<p>Offer Navitec \u2013 Your Trusted Aviation Partner Since 2006 For nearly two decades, Navitec Sp. z o.o. has been setting the standard in the aviation industry, delivering advanced solutions for both military and civilian sectors. Our passion for aviation, combined with extensive experience and an unwavering commitment to excellence, enables us to provide top-tier services. [&hellip;]<\/p>\n","protected":false},"author":1,"featured_media":0,"parent":0,"menu_order":0,"comment_status":"closed","ping_status":"closed","template":"","meta":{"site-sidebar-layout":"no-sidebar","site-content-layout":"page-builder","ast-site-content-layout":"full-width-container","site-content-style":"unboxed","site-sidebar-style":"unboxed","ast-global-header-display":"","ast-banner-title-visibility":"","ast-main-header-display":"","ast-hfb-above-header-display":"","ast-hfb-below-header-display":"","ast-hfb-mobile-header-display":"","site-post-title":"disabled","ast-breadcrumbs-content":"disabled","ast-featured-img":"disabled","footer-sml-layout":"","theme-transparent-header-meta":"enabled","adv-header-id-meta":"","stick-header-meta":"","header-above-stick-meta":"","header-main-stick-meta":"","header-below-stick-meta":"","astra-migrate-meta-layouts":"set","ast-page-background-enabled":"default","ast-page-background-meta":{"desktop":{"background-color":"var(--ast-global-color-4)","background-image":"","background-repeat":"repeat","background-position":"center center","background-size":"auto","background-attachment":"scroll","background-type":"","background-media":"","overlay-type":"","overlay-color":"","overlay-opacity":"","overlay-gradient":""},"tablet":{"background-color":"","background-image":"","background-repeat":"repeat","background-position":"center center","background-size":"auto","background-attachment":"scroll","background-type":"","background-media":"","overlay-type":"","overlay-color":"","overlay-opacity":"","overlay-gradient":""},"mobile":{"background-color":"","background-image":"","background-repeat":"repeat","background-position":"center center","background-size":"auto","background-attachment":"scroll","background-type":"","background-media":"","overlay-type":"","overlay-color":"","overlay-opacity":"","overlay-gradient":""}},"ast-content-background-meta":{"desktop":{"background-color":"var(--ast-global-color-5)","background-image":"","background-repeat":"repeat","background-position":"center center","background-size":"auto","background-attachment":"scroll","background-type":"","background-media":"","overlay-type":"","overlay-color":"","overlay-opacity":"","overlay-gradient":""},"tablet":{"background-color":"var(--ast-global-color-5)","background-image":"","background-repeat":"repeat","background-position":"center center","background-size":"auto","background-attachment":"scroll","background-type":"","background-media":"","overlay-type":"","overlay-color":"","overlay-opacity":"","overlay-gradient":""},"mobile":{"background-color":"var(--ast-global-color-5)","background-image":"","background-repeat":"repeat","background-position":"center center","background-size":"auto","background-attachment":"scroll","background-type":"","background-media":"","overlay-type":"","overlay-color":"","overlay-opacity":"","overlay-gradient":""}},"footnotes":""},"class_list":["post-905","page","type-page","status-publish","hentry"],"_links":{"self":[{"href":"http:\/\/navitec.pl\/index.php\/wp-json\/wp\/v2\/pages\/905","targetHints":{"allow":["GET"]}}],"collection":[{"href":"http:\/\/navitec.pl\/index.php\/wp-json\/wp\/v2\/pages"}],"about":[{"href":"http:\/\/navitec.pl\/index.php\/wp-json\/wp\/v2\/types\/page"}],"author":[{"embeddable":true,"href":"http:\/\/navitec.pl\/index.php\/wp-json\/wp\/v2\/users\/1"}],"replies":[{"embeddable":true,"href":"http:\/\/navitec.pl\/index.php\/wp-json\/wp\/v2\/comments?post=905"}],"version-history":[{"count":4,"href":"http:\/\/navitec.pl\/index.php\/wp-json\/wp\/v2\/pages\/905\/revisions"}],"predecessor-version":[{"id":1048,"href":"http:\/\/navitec.pl\/index.php\/wp-json\/wp\/v2\/pages\/905\/revisions\/1048"}],"wp:attachment":[{"href":"http:\/\/navitec.pl\/index.php\/wp-json\/wp\/v2\/media?parent=905"}],"curies":[{"name":"wp","href":"https:\/\/api.w.org\/{rel}","templated":true}]}}